s the ten thousands digit of 125860?
2
What is the hundred thousands digit of 9188438?
1
What is the thousands digit of 456783?
6
What is the ten thousands digit of 4221139?
2
What is the thousands digit of 6769560?
9
What is the tens digit of 251852?
5
What is the millions digit of 1788506?
1
What is the tens digit of 226956?
5
What is the thousands digit of 3349991?
9
What is the units digit of 2465897?
7
What is the ten thousands digit of 7587844?
8
What is the tens digit of 295944?
4
What is the millions digit of 12960884?
2
What is the tens digit of 12492518?
1
What is the thousands digit of 7188356?
8
What is the thousands digit of 496994?
6
What is the ten thousands digit of 29990964?
9
What is the hundred thousands digit of 6131399?
1
What is the millions digit of 37373958?
7
What is the millions digit of 3099644?
3
What is the ten thousands digit of 194111?
9
What is the millions digit of 14677828?
4
What is the ten thousands digit of 2888404?
8
What is the hundreds digit of 570733?
7
What is the units digit of 12941691?
1
What is the hundreds digit of 4737784?
7
What is the thousands digit of 326242?
6
What is the units digit of 553263?
3
What is the thousands digit of 620800?
0
What is the hundred thousands digit of 562148?
5
What is the hundred thousands digit of 5684583?
6
What is the hundreds digit of 46231?
2
What is the tens digit of 105249?
4
What is the hundreds digit of 137374?
3
What is the tens digit of 455761?
6
What is the hundreds digit of 1157473?
4
What is the hundreds digit of 843644?
6
What is the ten thousands digit of 100638?
0
What is the thousands digit of 91560?
1
What is the units digit of 2134346?
6
What is the thousands digit of 33030483?
0
What is the hundreds digit of 506646?
6
What is the units digit of 110840?
0
What is the hundred thousands digit of 6488930?
4
What is the hundred thousands digit of 290779?
2
What is the units digit of 3631323?
3
What is the ten thousands digit of 14898?
1
What is the hundreds digit of 1615912?
9
What is the thousands digit of 61140?
1
What is the ten thousands digit of 6138656?
3
What is the thousands digit of 891404?
1
What is the thousands digit of 643256?
3
What is the millions digit of 4093528?
4
What is the hundred thousands digit of 9948673?
9
What is the hundreds digit of 968604?
6
What is the thousands digit of 955860?
5
What is the thousands digit of 13300395?
0
What is the hundred thousands digit of 702614?
7
What is the units digit of 14782519?
9
What is the hundred thousands digit of 174261?
1
What is the hundreds digit of 13398?
3
What is the hundred thousands digit of 4801403?
8
What is the thousands digit of 4594368?
4
What is the thousands digit of 6191498?
1
What is the hundred thousands digit of 973369?
9
What is the millions digit of 2236760?
2
What is the hundreds digit of 20469?
4
What is the tens digit of 3852431?
3
What is the thousands digit of 2973641?
3
What is the ten thousands digit of 1986308?
8
What is the units digit of 1884941?
1
What is the ten thousands digit of 68685?
6
What is the tens digit of 18630212?
1
What is the hundred thousands digit of 2068269?
0
What is the tens digit of 44481?
8
What is the ten thousands digit of 1254070?
5
What is the hundreds digit of 159884?
8
What is the hundreds digit of 1750799?
7
What is the hundred thousands digit of 9672456?
6
What is the hundreds digit of 598216?
2
What is the thousands digit of 38852497?
2
What is the hundreds digit of 285590?
5
What is the hundred thousands digit of 1103909?
1
What is the ten thousands digit of 497506?
9
What is the tens digit of 31168540?
4
What is the hundreds digit of 126677?
6
What is the ten thousands digit of 1749339?
4
What is the ten thousands digit of 923976?
2
What is the ten thousands digit of 10355174?
5
What is the tens digit of 7290681?
8
What is the millions digit of 7914095?
7
What is the hundreds digit of 1027641?
6
What is the tens digit of 177738?
3
What is the thousands digit of 89752?
9
What is the tens digit of 113642?
4
What is the hundred thousands digit of 261331?
2
What is the thousands digit of 170503?
0
What is the units digit of 11622520?
0
What is the thousands digit of 18773?
8
What is the thousands digit of 2143160?
3
What is the units digit of 2772113?
3
What is the units digit of 1357971?
1
What is the millions digit of 1081925?
1
What is the ten thousands digit of 297766?
9
What is the units digit of 8993900?
0
What is the thousands digit of 1295273?
5
What is the thousands digit of 227423?
7
What is the millions digit of 1857827?
1
What is the units digit of 8594?
4
What is the tens digit of 1877910?
1
What is the hundred thousands digit of 1813080?
8
What is the units digit of 195877?
7
What is the hundred thousands digit of 5075146?
0
What is the hundreds digit of 11670523?
5
What is the hundred thousands digit of 30605331?
6
What is the ten millions digit of 27572731?
2
What is the tens digit of 99756?
5
What is the hundred thousands digit of 4924252?
9
What is the thousands digit of 456129?
6
What is the hundred thousands digit of 1156590?
1
What is the ten thousands digit of 391383?
9
What is the thousands digit of 817396?
7
What is the thousands digit of 1500996?
0
What is the tens digit of 43057220?
2
What is the tens digit of 1787662?
6
What is the units digit of 74703?
3
What is the units digit of 373927?
7
What is the hundred thousands digit of 169682?
1
What is the tens digit of 717182?
8
What is the thousands digit of 775782?
5
What is the tens digit of 4813434?
3
What is the units digit of 12653312?
2
What is the units digit of 786558?
8
What is the thousands digit of 1372229?
2
What is the hundred thousands digit of 226843?
2
What is the hundred thousands digit of 289714?
2
What is the tens digit of 1555085?
8
What is the hundreds digit of 14495?
4
What is the units digit of 3855278?
8
What is the hundreds digit of 62289?
2
What is the ten thousands digit of 134196?
3
What is the hundreds digit of 429721?
7
What is the hundreds digit of 10155726?
7
What is the tens digit of 7438189?
8
What is the thousands digit of 1944021?
4
What is the tens digit of 1434985?
8
What is the units digit of 4983419?
9
What is the tens digit of 694636?
3
What is the thousands digit of 2978460?
8
What is the ten thousands digit of 2041012?
4
What is the thousands digit of 332927?
2
What is the millions digit of 7031662?
7
What is the tens digit of 312964?
6
What is the thousands digit of 472366?
2
What is the tens digit of 3373025?
2
What is the thousands digit of 304399?
4
What is the thousands digit of 426825?
6
What is the hundreds digit of 458561?
5
What is the hundreds digit of 5575307?
3
What is the thousands digit of 8708284?
8
What is the tens digit of 63934?
3
What is the millions digit of 1141826?
1
What is the tens digit of 969223?
2
What is the hundred thousands digit of 570760?
5
What is the hundreds digit of 12303744?
7
What is the millions digit of 8130586?
8
What is the hundreds digit of 60832?
8
What is the thousands digit of 6229007?
9
What is the ten thousands digit of 143075?
4
What is the tens digit of 305936?
3
What is the hundred thousands digit of 458776?
4
What is the hundreds digit of 406930?
9
What is the thousands digit of 45184?
5
What is the tens digit of 367546?
4
What is the units digit of 909064?
4
What is the ten thousands digit of 1047592?
4
What is the ten thousands digit of 147064?
4
What is the units digit of 1264585?
5
What is the millions digit of 3415197?
3
What is the ten thousands digit of 1470157?
7
What is the tens digit of 539118?
1
What is the tens digit of 79856?
5
What is the ten thousands digit of 1311117?
1
What is the units digit of 2519065?
5
What is the tens digit of 5107379?
7
What is the hundreds digit of 106691?
6
What is the units digit of 452722?
2
What is the millions digit of 1524921?
1
What is the units digit of 6641178?
8
What is the ten thousands digit of 1779083?
7
What is the units digit of 2473540?
0
What is the thousands digit of 7555741?
5
What is the hundreds digit of 3891426?
4
What is the hundred thousands digit of 6668333?
6
What is the tens digit of 16137480?
8
What is the thousands digit of 3886810?
6
What is the tens digit of 7995701?
0
What is the milli